4?
13
Let o = 3059 - 3056. What is the remainder when 1066 is divided by o?
1
Suppose -4*c - 5 = -5*d, -3*d + 5 + 0 = -2*c. Suppose -3*w - i + 40 = 0, -4*i = 6*w - 5*w + d. What is the remainder when 44 is divided by w?
14
Suppose -v + 881 + 211 = 3*n, 3*v + 4*n = 3271. Calculate the remainder when v is divided by 119.
18
Suppose -j = k - 78 - 37, -3*j = 2*k - 344. What is the remainder when j is divided by 17?
12
Suppose -7*p + 15 = -20. Let n be -2 + (-10)/p - 34. Let s = n + 69. What is the remainder when 61 is divided by s?
30
Let j(o) = 5*o**2 + 105*o + 575. Calculate the remainder when j(-6) is divided by 5.
0
What is the remainder when 4656 is divided by ((-6208)/(-48))/(7/63)?
0
Let f = -33 - -58. Let n be (21/(-28) + 6)*8/3. Suppose n*b - 195 = -b. Calculate the remainder when f is divided by b.
12
Suppose 0 = -53*l + 94 + 12. Suppose -l*g = -8, -3*q + 769 = g - 3*g. Calculate the remainder when q is divided by 10.
9
Let n be ((-24)/20)/((-3)/270). Let k = -86 + n. Suppose 3*t = k - 1. Calculate the remainder when 67 is divided by t.
4
Let y = 5166 + -5127. Calculate the remainder when 226 is divided by y.
31
Suppose -98 + 736 = 11*t. Suppose -73 = -4*b + y, -2*y + t = 8*b - 4*b. What is the remainder when 64/(0 - 2/(-2)) is divided by b?
13
Let f(i) = 2*i**2 + 21*i - 470. Calculate the remainder when 620 is divided by f(12).
60
Suppose 41*y - 20 = 37*y. Let i(r) = r**3 - 8*r**2 + 30*r + 1. What is the remainder when i(y) is divided by 11?
10
Let b(i) = -i**2 + 38*i - 215. Calculate the remainder when b(20) is divided by 34.
9
Let g = -6747 - -7118. What is the remainder when g is divided by 27?
20
Suppose 4*u - 84 = -100. Let c(n) = -9*n + 2. Let v be c(-3). Let g = v - u. What is the remainder when 98 is divided by g?
32
Let q(g) = -2*g**3 + 25*g**2 + 12*g + 16. Let l be q(13). Suppose -3*r = -z + 22, -l*z + 3*r + 51 = -r. Calculate the remainder when z is divided by 2.
1
Let o = -189 - -199. Suppose -117 = -5*x + 2*i, -x + o = 3*i - 10. What is the remainder when x is divided by 16?
7
Suppose -3*t + 5*z = 24 - 395, 3*z = t - 117. Let w(k) = 3*k**2 - 2*k - 4. What is the remainder when t is divided by w(4)?
24
Let u be -7 + (2 - 1) - (5 - 7). Let q be (u - 2)/(1/3). Let n = 50 + q. Calculate the remainder when n is divided by 18.
14
Let d(w) = -w + 22. Let g be d(22). Suppose g = -y + 2*k - 4 - 2, -y - 3*k + 19 = 0. Calculate the remainder when 33 is divided by y.
1
Suppose -5*g + 2*g = -12. Suppose -172 = -g*x + 2*t + 12, -2*x - t + 88 = 0. Suppose 63*a = -32*a - 0*a + 1140. Calculate the remainder when x is divided by a.
9
Let b(y) = 12*y - 3. What is the remainder when b(3) is divided by -1 - 0 - -7 - (16 + -32)?
11
Let t(i) = -2*i**3 + 75*i**2 - 152*i + 451. Calculate the remainder when t(33) is divided by 69.
61
Suppose -11*k = 2*k - 65. Suppose -k*q - 56 - 18 = -o, -4*o + 4*q + 232 = 0. Calculate the remainder when o is divided by 24.
6
Calculate the remainder when 1032 is divided by ((10/3)/2)/(1760/135 + -13).
42
Suppose 0 = -13*k + 73 - 21. Suppose -k = 2*r, 6 = 2*y - 3*r - 10. Calculate the remainder when 18 is divided by y.
3
Let c = 3728 - 3734. Suppose -q - 2*y + 24 = 0, 0 = -4*q + 5*q - y - 21. Calculate the remainder when 99 is divided by (-8 - c) + (q - 0/1).
19
Let q(l) = -l**2 - 6*l - 9. Let p be q(-4). Let f be (21/9)/(p/(-21)). Suppose -f + 239 = 5*d. Calculate the remainder when d is divided by 20.
18
Suppose 0 = 108*b - 102*b - 6888. Suppose 17*p - b = 10*p. Calculate the remainder when p is divided by 25.
14
Let h = 965 + -399. What is the remainder when h is divided by 38?
34
Let j(p) = 6*p**3 + 119*p**2 - 30*p + 12. What is the remainder when j(-20) is divided by 201?
11
Let y(o) = 3*o + 16. Let n be -1*(-2 + 1)*-6. Let a be y(n). Calculate the remainder when 113 is divided by a + 40/22 - 420/(-11).
37
Let u(i) = 10*i**2 + 5*i + 2. Let j = -458 + 471. Calculate the remainder when u(-3) is divided by j.
12
Suppose -3*z = -96 - 192. Calculate the remainder when 258 is divided by z.
66
Let q(w) = 12*w**2 - 13*w - 1070. Calculate the remainder when q(18) is divided by 27.
19
Let k = -65 - -119. Suppose -8*l = -5*l - 93. Calculate the remainder when k is divided by l.
23
Suppose -15*o - 550 = -2*g - 20*o, -8*g + 2238 = o. What is the remainder when g is divided by 77?
49
Let s = -6056 - -7542. Calculate the remainder when s is divided by 17.
7
Let c(k) = 104*k + 90. Let n = 327 + -324. Calculate the remainder when c(n) is divided by 15.
12
Suppose 151*n = 152*n - 4. What is the remainder when 668 is divided by n?
0
Let h(u) = -u**3 + 66*u**2 + 72*u - 86. Calculate the remainder when h(67) is divided by 129.
120
Calculate the remainder when (-5303)/(-2) - (-7 - (-45)/6) is divided by 52.
51
Suppose -l = 24*l - 5900. Let u = l - 209. What is the remainder when u is divided by 11?
5
Suppose -43*s + 1228 = -39*s. Calculate the remainder when s is divided by 169.
138
Suppose 5*t + 324 = 11*t. Let s = 95 - 76. What is the remainder when t is divided by s?
16
Let t = 72 - 43. Let n = 133 - 129. Suppose -n*l + 584 = -5*a, 0 = a - 1 + 5. What is the remainder when l is divided by t?
25
Suppose 1143 = -2*z - 4*z + 15*z. What is the remainder when z is divided by 122?
5
Suppose 187 + 83 = 30*r. Let x(d) = d**2 + d - 2. Let t be x(-6). Let w = t + -6. Calculate the remainder when w is divided by r.
4
Let l be ((-60)/(-105))/((-6)/(-147)). Suppose 0 = -u + 15*y - l*y + 9, -y + 39 = 3*u. What is the remainder when 21 is divided by u?
9
Let m(o) = -6*o + 24. Let k be m(9). Let j be 32/5*k/(-12). Let w(d) = -d**2 + 15*d + 39. What is the remainder when 66 is divided by w(j)?
20
Let m = 2408 + -2402. What is the remainder when (-8 + 17)*-6*(-6)/4 is divided by m?
3
Let q(h) = 3*h**3 - 4*h**2 - 10*h + 2. Let x = 27 + 9. Suppose -o = 3*o - 16, 4*o = -4*f + x. What is the remainder when q(f) is divided by 46?
43
Suppose 4*k - 8 = 4, -1340 = -5*q + 5*k. What is the remainder when q is divided by (-2*(-34)/(-16))/((-107)/1712)?
67
Let t be (-5)/11 - (-18)/(-33). What is the remainder when (-2 - t)/(18/(-1350)) is divided by 38?
37
Let t = -608 - -607. Let f(s) = 16*s**2 + 3*s. What is the remainder when 50 is divided by f(t)?
11
Suppose 48 + 72 = 10*p. Suppose q + 9 = p. Calculate the remainder when 38 is divided by q.
2
Let q = 23834 - 23791. What is the remainder when 475 is divided by q?
2
Suppose 3*l - 277 = -271. Suppose -24 = -x + t - l, -2*x + 29 = 3*t. What is the remainder when 282 is divided by x?
16
Let g(c) = -2*c + 3*c + 0*c**3 - 38*c**2 + 26*c**2 - 10 - c**3 - 34. Calculate the remainder when g(-14) is divided by 24.
22
Suppose -x + 108 = 3*x. Let l be ((-4)/7)/((-54)/567). Suppose l*t + 138 = 180. What is the remainder when x is divided by t?
6
Suppose 2839 - 769 = 10*f. Suppose 6*t + 45 = f. Suppose 5*w + 5*n - 385 = 0, -2*n - 66 = -w + 5. Calculate the remainder when w is divided by t.
21
Calculate the remainder when 7273/35 + (-12)/15 - 9 is divided by 59.
21
Suppose p - 2*l = 2*l - 1, p = -5*l + 26. What is the remainder when (-1)/(-4) + 15*(-75)/180 - -41 is divided by p?
2
Let k = -5653 + 7266. What is the remainder when k is divided by 41?
14
Let h(m) = 24*m + 44. Let b be h(-2). What is the remainder when 113 - (-2)/b*(-20 + 10) is divided by 33?
19
Let z(w) = -w**2 + 20*w + 3371. What is the remainder when 275 is divided by z(-48)?
61
Let a(z) = z**3 - z**2 - 9*z + 78. What is the remainder when 265 is divided by a(5)?
132
Let o be (17 - 16)/(1/144). Suppose -16*y + 1008 = o. Calculate the remainder when y is divided by 13.
2
What is the remainder when (-41 - -43)*(-1425)/(-10) is divided by 91?
12
Suppose -3*g = -v - 73, 5*v + 56 - 3 = 2*g. Calculate the remainder when 2/((-4)/g*8/(-58)) is divided by 35.
17
What is the remainder when 8809 is divided by (267/(-6))/(-1 - -7 - (-572)/(-88))?
87
Let q = 10529 - 10482. What is the remainder when 2299 is divided by q?
43
Let y be -5*(464/15)/((-2)/3). Let g = 326 - y. What is the remainder when g is divided by 16?
14
Let b = -3 + 19. Calculate the remainder when 2*11*(-2 + b) is divided by 26.
22
Let w be (-4)/(-16) - (-19)/4. Let r be w/3 + (-4 - 52/(-12)). Suppose 0 = 9*z - r*z - 476. What is the remainder when z is divided by 36?
32
Let f(z) = 13*z - 231. L